102011012
In base 9, what is -4 + -1306007?
-1306012
In base 3, what is -22002001 + -1102?
-22010110
In base 6, what is -3335 + -1100?
-4435
In base 9, what is 18 + 2823?
2842
In base 3, what is 20201102 + -102?
20201000
In base 14, what is 27 + -694d?
-6926
In base 4, what is 11231 + 1032333?
1110230
In base 7, what is 4362225 + 0?
4362225
In base 11, what is 5406 + -78?
5339
In base 6, what is -22015 + -3211?
-25230
In base 15, what is -3b03 - -1?
-3b02
In base 13, what is 4 - -147405?
147409
In base 15, what is -11248 - -5?
-11243
In base 14, what is 4 + -d955?
-d951
In base 8, what is 143553 + -17?
143534
In base 5, what is -3113124 - 0?
-3113124
In base 7, what is 10 - 1401435?
-1401425
In base 10, what is 155002 + 4?
155006
In base 10, what is 3 + -696270?
-696267
In base 5, what is -141303240 - 0?
-141303240
In base 2, what is -110100010101111101 - -101?
-110100010101111000
In base 4, what is -13110213 - 1003?
-13111222
In base 4, what is 10 - 1023320?
-1023310
In base 16, what is -2cf7 + 9d?
-2c5a
In base 3, what is 12 - 11010122?
-11010110
In base 2, what is -1011001010 + -101?
-1011001111
In base 12, what is 519 + -5b8?
-9b
In base 2, what is -1010100110111 - -11?
-1010100110100
In base 12, what is 3 - -73a8?
73ab
In base 14, what is 3 - -128?
12b
In base 3, what is -111112 + 1012112?
201000
In base 13, what is a - 2b278?
-2b26b
In base 6, what is -13234 + 23?
-13211
In base 9, what is -1 + 116057?
116056
In base 14, what is 29 + 6b86?
6bb1
In base 16, what is -42d + -14?
-441
In base 6, what is 15 + 10055540?
10055555
In base 13, what is -127 - 10?
-137
In base 11, what is 157 - -a8?
254
In base 16, what is 5 - -47f47?
47f4c
In base 7, what is 6203 + 12?
6215
In base 8, what is -353 + -257?
-632
In base 16, what is 267 - 79b?
-534
In base 2, what is -111101010 + -1000110?
-1000110000
In base 5, what is -43 - 101031?
-101124
In base 12, what is -b0a + -94?
-ba2
In base 5, what is 1 + 403100113?
403100114
In base 12, what is -8 - 968?
-974
In base 4, what is 10 + 12233032?
12233102
In base 6, what is -2554 - -513?
-2041
In base 16, what is -68630 + 2?
-6862e
In base 3, what is 101011200 - 222?
101010201
In base 16, what is -27 - -1524?
14fd
In base 6, what is -355 - 1032?
-1431
In base 6, what is -3 - 5444?
-5451
In base 15, what is -2750 - -36?
-2719
In base 16, what is ab - -1a40?
1aeb
In base 3, what is -122202201222 - 10?
-122202202002
In base 11, what is -68 - -111?
54
In base 7, what is 1436206 + -4?
1436202
In base 2, what is 101 + 1010101111101?
1010110000010
In base 4, what is -221 - -2202302?
2202021
In base 11, what is 768 + -2?
766
In base 2, what is 1 - 101010100111001?
-101010100111000
In base 9, what is -20023 - 25?
-20048
In base 12, what is -301bb + 5?
-301b6
In base 13, what is c1 + -8c?
32
In base 2, what is 100010010100 - 101100001101?
-1001111001
In base 8, what is -63 - -436?
353
In base 4, what is -3 - -2122311?
2122302
In base 2, what is -1011 - 100110100000011101?
-100110100000101000
In base 4, what is -2 + 23330203?
23330201
In base 9, what is -16353 - 21?
-16374
In base 11, what is 141a2a + 4?
141a33
In base 15, what is -7cbb - 3?
-7cbe
In base 8, what is -311 - -213?
-76
In base 14, what is -179 - 19?
-194
In base 9, what is 648462 - 5?
648456
In base 12, what is 41850 - -7?
41857
In base 14, what is -2 + -db5a?
-db5c
In base 10, what is 1332 + -3876?
-2544
In base 3, what is -21212121221002 - -10?
-21212121220222
In base 8, what is 37542 - 15?
37525
In base 13, what is 4 - 130?
-129
In base 14, what is 82ca3 - 3?
82ca0
In base 7, what is -141 - 1014?
-1155
In base 5, what is 1420444222 + 3?
1420444230
In base 9, what is -80 + -615?
-705
In base 11, what is -173 - -1326?
1163
In base 14, what is -6 - 4da79?
-4da81
In base 10, what is 4 - -252143?
252147
In base 5, what is -3 + -2420?
-2423
In base 5, what is 4 + 30132?
30141
In base 3, what is -222100211 + -11201?
-222112112
In base 9, what is -235810 + 31?
-235768
In base 2, what is 10110001111011110 - -100?
10110001111100010
In base 13, what is 2 + -9535?
-9533
In base 12, what is 4052 - -4?
4056
In base 4, what is -232 - -111200?
110302
In base 3, what is 110111100 - 0?
110111100
In base 8, what is 207755 + -7?
207746
In base 13, what is -3 + 24bcb?
24bc8
In base 8, what is 1 + -7554?
-7553
In base 14, what is 49a6 - -2?
49a8
In base 6, what is 1 + -2434121?
-2434120
In base 10, what is 185 - -140?
325
In base 4, what is 1221103 + -21?
1221022
In base 15, what is -5 + 234aa?
234a5
In base 6, what is -2052225 + 5?
-2052220
In base 9, what is 3243 - 63?
3170
In base 8, what is -50516 + -5?
-50523
In base 10, what is 7969737 + 1?
7969738
In base 9, what is -18 - -6855?
6836
In base 14, what is 1d2 + -148?
88
In base 8, what is -3664 + -3?
-3667
In base 13, what is 5 + -26979?
-26974
In base 13, what is 24739 - -3?
2473c
In base 16, what is 2e9 - -13a?
423
In base 14, what is 32104 + -5?
320dd
In base 13, what is b0 - 2023?
-1c43
In base 15, what is 4 + -77b6?
-77b2
In base 9, what is -11 + -6642?
-6653
In base 6, what is 21 - -24423?
24444
In base 14, what is -16 - -16dc?
16c6
In base 8, what is -35062 - -11?
-35051
In base 15, what is 1 + -2d8b0e?
-2d8b0d
In base 14, what is -8d - 19b1?
-1a60
In base 5, what is -4 + -24010102?
-24010111
In base 10, what is -60006 + -10?
-60016
In base 16, what is 4 + 2ec4?
2ec8
In base 12, what is -112a04 - 0?
-112a04
In base 3, what is -12 + 1000120?
1000101
In base 12, what is 2 + -32489?
-32487
In base 16, what is 3 + 42bdf?
42be2
In base 4, what is -12302 + 1221?
-11021
In base 13, what is -4b317 - 8?
-4b322
In base 11, what is 59 + -376?
-318
In base 7, what is -25 + 246?
221
In base 15, what is 3e52 + -14?
3e3d
In base 3, what is -10111 + 10111212?
10101101
In base 11, what is 940 + 18?
958
In base 16, what is 29ed - -2?
29ef
In base 3, what is -21100120 + 120?
-21100000
In base 13, what is 4 - 14604?
-14600
In base 13, what is 1311 + 8?
1319
In base 9, what is -23 - 3361?
-3384
In base 9, what is 375 - -28?
414
In base 8, what is -31 - -102205?
102154
In base 2, what is 10011 + -1101000101111?
-1101000011100
In base 9, what is -24768 + 6?
-24762
In base 12, what is -2 + -9873?
-9875
In base 4, what is -12 - -312301333?
312301321
In base 14, what is 147 + 311?
458
In base 13, what is -1923 - -12?
-1911
In base 10, what is 699 - 1634?
-935
In base 5, what is -2311 + -1100?
-3411
In base 3, what is 112000010 - 2?
112000001
In base 5, what is 22012232 + 33?
22012320
In base 3, what is 111 - 222220001?
-222212120
In base 2, what is 10010001 - 1111?
10000010
In base 6, what is -10024 - 124?
-10152
In base 12, what is -10 - -544a?
543a
In base 5, what is -3342112 + -1?
-3342113
In base 9, what is -4121672 + 2?
-4121670
In base 13, what is -5 + 12b50a?
12b505
In base 7, what is 5 + -3421332?
-3421324
In base 4, what is 3 - -203221200?
203221203
In base 15, what is -24 - -64aa?
6486
In base 3, what is -11 + -20022022021?
-20022022102
In base 3, what is -10 - -1110210?
1110200
In base 15, what is -65e50c + 2?
-65e50a
In base 15, what is 1 + 903ac?
903ad
In base 16, what is -9 - 10e5?
-10ee
In base 13, what is 45 + 668?
6b0
In base 6, what is 10313445 - -5?
10313454
In base 3, what is 12 - 10010020010?
-10010012221
In base 14, what is 13375 + -3?
13372
In base 9, what is 43102 + 4?
43106
In base 14, what is -64a - -635?
-15
In base 11, what is 30 + 9670?
96a0
In base 6, what is 340 - 12351?
-12011
In base 14, what is -1101 + 6?
-10d9
In base 16, what is 10 - 22ce?
-22be
In base 16, what is -75 + 140c?
1397
In base 2, what is 100 - 11101110100000101?
-11101110100000001
In base 16, what is 14 - -9f8?
a0c
In base 15, what is b - -1807?
1813
In base 6, what is 201332 + 242?
202014
In base 11, what is -163a8 - -13?
-16395
In base 11, what is 3944 + -22?
3922
In base 11, what is -1 + 493a?
4939
In base 2, what is 100010 + 101001001000101?
101001001100111
In base 13, what is 1b595 - 4?
1b591
In base 6, what is -243313 + 14?
-243255
In base 4, what is 133 + -1123131?
-1122332
In base 15, what is -4553 - 8?
-455b
In base 5, what is 1 + -234232044?
-234232043
In base 13, what is -1ab + -3?
-1b1
In base 7, what is -6 - -1121615?
1121606
In base 11, what is -327 - 2a1?
-618
In base 5, what is -24313 + 1424?
-22334
In base 10, what is